5224?
False
Is 5318327445 a multiple of 15?
True
Is 2123606460 a multiple of 1292?
False
Is 11210113 a multiple of 18?
False
Does 1248 divide 128009318?
False
Is 1407936054 a multiple of 14?
True
Is 363 a factor of 1680868070?
False
Is 14120952 a multiple of 1044?
False
Is 2085950542 a multiple of 3926?
True
Is 226521945 a multiple of 885?
True
Is 13 a factor of 115653285?
False
Does 5247 divide 690478965?
True
Is 234 a factor of 159131165?
False
Does 53 divide 139646679?
True
Is 3866879 a multiple of 1379?
False
Is 151161336 a multiple of 1242?
True
Does 124 divide 45009220?
False
Does 933 divide 19251902?
False
Is 9889548 a multiple of 2?
True
Is 3468904737 a multiple of 140?
False
Is 203107717 a multiple of 4?
False
Does 97 divide 32730529?
False
Is 7387 a factor of 151212676?
False
Does 618 divide 27677532?
False
Does 93 divide 243026821?
False
Is 8 a factor of 107618703?
False
Is 162 a factor of 33034043?
False
Is 113042160 a multiple of 36?
True
Is 31008395 a multiple of 11?
True
Does 74 divide 98760622?
True
Is 12184 a factor of 4749700904?
True
Is 11 a factor of 10385485?
True
Is 3640 a factor of 3541787381?
False
Is 7 a factor of 266807408?
True
Is 4175568 a multiple of 71?
False
Is 40 a factor of 4049054896?
False
Is 16 a factor of 17605152?
True
Is 484825247 a multiple of 8935?
False
Is 339441800 a multiple of 2425?
True
Is 130 a factor of 6031112?
False
Is 1155 a factor of 79684605?
True
Does 25 divide 335462875?
True
Is 240 a factor of 15625680?
True
Is 242 a factor of 507961630?
True
Is 72 a factor of 28548576?
True
Is 13 a factor of 8398252?
False
Does 333 divide 33085548?
True
Is 65 a factor of 187127200?
True
Does 598 divide 670683250?
False
Is 537058085 a multiple of 95?
True
Is 1754 a factor of 472186275?
False
Does 52 divide 5425192?
False
Is 57 a factor of 824114265?
True
Is 17 a factor of 1557086899?
True
Does 7 divide 95160282?
True
Is 2836 a factor of 2971492736?
True
Is 778451968 a multiple of 29?
False
Is 55363000 a multiple of 770?
True
Is 12 a factor of 584446404?
True
Is 39 a factor of 19245096?
True
Does 29 divide 726088776?
True
Does 74 divide 162066438?
True
Is 130278120 a multiple of 155?
True
Is 176027083 a multiple of 5274?
False
Is 5 a factor of 4511150?
True
Is 753 a factor of 94365928?
False
Is 6620118 a multiple of 4?
False
Does 74 divide 108077592?
True
Is 155303649 a multiple of 32?
False
Is 707 a factor of 635356155?
True
Is 60658879 a multiple of 87?
False
Does 3 divide 266532401?
False
Does 3712 divide 5599194264?
False
Is 122845525 a multiple of 477?
False
Does 16 divide 332865555?
False
Is 1007 a factor of 207845807?
True
Is 89413225 a multiple of 275?
True
Is 58 a factor of 612451053?
False
Does 469 divide 147231763?
True
Is 185 a factor of 127397845?
True
Is 409 a factor of 154043066?
False
Is 4355611 a multiple of 357?
False
Is 49 a factor of 3439800?
True
Is 76 a factor of 354873032?
True
Is 81406506 a multiple of 1513?
False
Is 4533300 a multiple of 75?
True
Is 3218826 a multiple of 950?
False
Does 1631 divide 1357608518?
True
Is 33759383 a multiple of 3?
False
Is 21 a factor of 248596404?
True
Is 36635562 a multiple of 244?
False
Does 2990 divide 843762569?
False
Is 19 a factor of 180119240?
True
Is 217 a factor of 4724644?
False
Is 198 a factor of 124653916?
False
Is 54 a factor of 102942508?
False
Does 69 divide 234443991?
True
Is 79387680 a multiple of 15?
True
Is 4 a factor of 12012317?
False
Is 6641145838 a multiple of 5178?
False
Is 188 a factor of 154453656?
True
Is 36 a factor of 1724181?
False
Does 1121 divide 180587495?
True
Is 96 a factor of 233600448?
True
Is 198578072 a multiple of 118?
False
Is 9322884 a multiple of 6?
True
Does 8 divide 75053304?
True
Is 396 a factor of 1931500160?
False
Is 145 a factor of 17502172?
False
Does 50 divide 52471100?
True
Does 857 divide 7884317935?
False
Does 4964 divide 102521492?
True
Does 7 divide 91670006?
False
Is 199588968 a multiple of 108?
True
Is 1893 a factor of 8444975?
False
Does 373 divide 2829583968?
True
Is 733646004 a multiple of 7?
True
Is 107 a factor of 377941920?
False
Is 80 a factor of 763003440?
True
Does 1603 divide 69271757?
False
Is 356673006 a multiple of 2103?
True
Does 3765 divide 45575325?
True
Is 153006123 a multiple of 439?
False
Is 1092404983 a multiple of 2219?
False
Does 158 divide 675399124?
True
Is 112 a factor of 42640149?
False
Does 7 divide 793422?
True
Does 504 divide 96287184?
True
Is 13545180 a multiple of 3?
True
Is 250825929 a multiple of 93?
True
Does 7603 divide 1795963882?
False
Is 857467868 a multiple of 19?
False
Is 632865 a multiple of 31?
True
Does 363 divide 748735064?
False
Is 31 a factor of 64771424?
False
Is 82 a factor of 1730606884?
True
Is 1134 a factor of 111684258?
True
Is 3709953651 a multiple of 2523?
False
Is 8 a factor of 648763388?
False
Is 1393 a factor of 183753741?
False
Is 429401522 even?
True
Is 935116072 a multiple of 62?
False
Is 107131354 a multiple of 814?
True
Is 190212756 a multiple of 999?
False
Is 4 a factor of 186990567?
False
Is 33 a factor of 107231191?
False
Is 2105254873 a multiple of 6108?
False
Is 290 a factor of 89516040?
True
Is 122894501 a multiple of 8?
False
Is 147 a factor of 10353798?
True
Is 315880301 a multiple of 3598?
False
Does 247 divide 163820806?
False
Is 84026628 a multiple of 84?
True
Is 4 a factor of 9565260?
True
Does 165 divide 556952?
False
Is 5834754 a multiple of 9?
True
Is 1521 a factor of 715575548?
False
Is 296137270 a multiple of 13?
True
Is 481 a factor of 18517874?
False
Does 3014 divide 1028304464?
True
Is 213 a factor of 640094373?
False
Does 2245 divide 113561080?
True
Is 105676778 a multiple of 1198?
True
Is 223 a factor of 737341127?
False
Does 645 divide 72819855?
True
Is 22 a factor of 36570113?
False
Is 3490928688 a multiple of 5772?
True
Is 406445024 a multiple of 8936?
True
Is 9272654 a multiple of 28?
False
Is 12 a factor of 6654708?
True
Is 21625986 a multiple of 153?
False
Is 87851070 a multiple of 85?
True
Does 239 divide 552661688?
True
Is 7 a factor of 523752398?
False
Is 175784700 a multiple of 47?
True
Is 178 a factor of 28880678?
True
Is 644 a factor of 477905316?
True
Is 66 a factor of 145264944?
True
Is 2322 a factor of 553878270?
True
Is 245101833 a multiple of 252?
False
Is 217001136 a multiple of 759?
True
Is 15 a factor of 199849294?
False
Is 62472024 a multiple of 36?
True
Is 242987217 a multiple of 14?
False
Does 2926 divide 111293242?
False
Does 27 divide 423410555?
False
Does 52 divide 12969840?
True
Does 113 divide 1965058633?
False
Does 841 divide 146334?
True
Is 13 a factor of 17373060?
False
Is 3 a factor of 234820069?
False
Does 52 divide 14392715?
False
Is 212850795 a multiple of 1434?
False
Is 65001465 a multiple of 5?
True
Is 20653137 a multiple of 27?
True
Is 55338350 a multiple of 93?
False
Is 81846990 a multiple of 783?
True
Is 238057540 a multiple of 28?
True
Is 23 a factor of 1772178?
False
Does 128 divide 936486392?
False
Does 17 divide 10872938?
False
Is 249681420 a multiple of 18?
True
Does 2937 divide 582750106?
False
Is 1540728667 a multiple of 2966?
False
Does 3265 divide 20335718?
False
Is 3967 a factor of 997391074?
True
Does 4 divide 1367692561?
False
Is 43 a factor of 219858183?
True
Does 2367 divide 266422419?
True
Does 14 divide 97378470?
True
Does 1239 divide 15776633?
False
Does 23 divide 4409514?
True
Is 15 a factor of 4347060?
True
Does 262 divide 24204731?
False
Is 299235065 a multiple of 9?
False
Is 695859001 a multiple of 718?
False
Is 11512594 a multiple of 19?
True
Is 28972720 a multiple of 980?
True
Does 44 divide 8655240?
True
Is 97503016 a multiple of 52?
True
Does 83 divide 88293574?
True
Does 10628 divide 3369022860?
True
Is 13 a factor of 685053720?
True
Is 407666490 a multiple of 14?
True
Does 22 divide 1555383?
False
Is 39 a factor of 1177787103?
False
Is 380 a factor of 4306449?
False
Does 254 divide 219450412?
True
Does 5928 divide 710413195?
False
Does 8 divide 14562340?
False
Is 743 a factor of 32602840?
True
Is 147051600 a multiple of 40?
True
Is 43 a factor of 59263073?
True
Does 74 divide 362970074?
True
Is 304020316 a multiple of 34?
True
Is 931644552 a multiple of 298?
True
Does 87 divide 1325216451?
True
Is 520859328 a multiple of 1056?
True
Is 638433